{"id":17,"date":"2022-09-23T10:06:06","date_gmt":"2022-09-23T08:06:06","guid":{"rendered":"http:\/\/fundacjacmk.pl\/pmz2022\/?page_id=17"},"modified":"2022-10-05T22:32:04","modified_gmt":"2022-10-05T20:32:04","slug":"program","status":"publish","type":"page","link":"https:\/\/fundacjacmk.pl\/pmz2022\/program\/","title":{"rendered":"Program"},"content":{"rendered":"<p>Po najechaniu kursorem na tre\u015b\u0107 programu, na dole okienka poka\u017c\u0105 si\u0119 przyciski nawigacyjne<\/p>\n<a href=\"https:\/\/fundacjacmk.pl\/pmz2022\/wp-content\/uploads\/2022\/10\/Program_PMZ2022_v2.pdf\" class=\"pdfemb-viewer\" style=\"\" data-width=\"max\" data-height=\"max\"  data-toolbar=\"bottom\" data-toolbar-fixed=\"off\">Program_PMZ2022_v2<br\/><\/a>\n<p>Program do pobrania w ca\u0142o\u015bci w formie <a href=\"https:\/\/fundacjacmk.pl\/pmz2022\/wp-content\/uploads\/2022\/10\/Program_PMZ2022_v2.pdf\">pliku pdf<\/a>.<\/p>\n","protected":false},"excerpt":{"rendered":"<p>Po najechaniu kursorem na tre\u015b\u0107 programu, na dole okienka poka\u017c\u0105 si\u0119 przyciski nawigacyjne Program do pobrania w ca\u0142o\u015bci w formie pliku pdf.<\/p>\n","protected":false},"author":1,"featured_media":0,"parent":0,"menu_order":0,"comment_status":"closed","ping_status":"closed","template":"","meta":{"footnotes":""},"class_list":["post-17","page","type-page","status-publish","hentry"],"_links":{"self":[{"href":"https:\/\/fundacjacmk.pl\/pmz2022\/wp-json\/wp\/v2\/pages\/17","targetHints":{"allow":["GET"]}}],"collection":[{"href":"https:\/\/fundacjacmk.pl\/pmz2022\/wp-json\/wp\/v2\/pages"}],"about":[{"href":"https:\/\/fundacjacmk.pl\/pmz2022\/wp-json\/wp\/v2\/types\/page"}],"author":[{"embeddable":true,"href":"https:\/\/fundacjacmk.pl\/pmz2022\/wp-json\/wp\/v2\/users\/1"}],"replies":[{"embeddable":true,"href":"https:\/\/fundacjacmk.pl\/pmz2022\/wp-json\/wp\/v2\/comments?post=17"}],"version-history":[{"count":3,"href":"https:\/\/fundacjacmk.pl\/pmz2022\/wp-json\/wp\/v2\/pages\/17\/revisions"}],"predecessor-version":[{"id":92,"href":"https:\/\/fundacjacmk.pl\/pmz2022\/wp-json\/wp\/v2\/pages\/17\/revisions\/92"}],"wp:attachment":[{"href":"https:\/\/fundacjacmk.pl\/pmz2022\/wp-json\/wp\/v2\/media?parent=17"}],"curies":[{"name":"wp","href":"https:\/\/api.w.org\/{rel}","templated":true}]}}