{"id":21,"date":"2022-09-23T10:08:17","date_gmt":"2022-09-23T08:08:17","guid":{"rendered":"http:\/\/fundacjacmk.pl\/pmz2022\/?page_id=21"},"modified":"2022-09-23T11:40:57","modified_gmt":"2022-09-23T09:40:57","slug":"rejestracja","status":"publish","type":"page","link":"https:\/\/fundacjacmk.pl\/pmz2022\/rejestracja\/","title":{"rendered":"Rejestracja"},"content":{"rendered":"<p>&nbsp;<\/p>\n<p><iframe loading=\"lazy\" src=\"https:\/\/docs.google.com\/forms\/d\/e\/1FAIpQLSeelF7o_qGQS-qsZjlkdmS-HeLUnBm5Aigq73mVDcwbIr0rkw\/viewform\" width=\"1200\" height=\"3000\" frameborder=\"0\" marginwidth=\"0\" marginheight=\"0\"><span style=\"display: inline-block; width: 0px; overflow: hidden; line-height: 0;\" data-mce-type=\"bookmark\" class=\"mce_SELRES_start\">\ufeff<\/span><span style=\"display: inline-block; width: 0px; overflow: hidden; line-height: 0;\" data-mce-type=\"bookmark\" class=\"mce_SELRES_start\">\ufeff<\/span><span style=\"display: inline-block; width: 0px; overflow: hidden; line-height: 0;\" data-mce-type=\"bookmark\" class=\"mce_SELRES_start\">\ufeff<\/span><span style=\"display: inline-block; width: 0px; overflow: hidden; line-height: 0;\" data-mce-type=\"bookmark\" class=\"mce_SELRES_start\">\ufeff<\/span><span style=\"display: inline-block; width: 0px; overflow: hidden; line-height: 0;\" data-mce-type=\"bookmark\" class=\"mce_SELRES_start\">\ufeff<\/span>\u0141aduj\u0119&#8230;<\/iframe><\/p>\n<p>===========================================================<\/p>\n<p>Ochrona danych osobowych (RODO)<\/p>\n<p>Zgodnie z art. 6 ust. 1 lit. f RODO informujemy, i\u017c Pani\/Pana dane osobowe, przekazane nam za po\u015brednictwem formularza rejestracyjnego, s\u0105 gromadzone, przetwarzane i przechowywane w celu procesu rejestracji oraz prowadzenia korespondencji z Pa\u0144stwem.<br \/>\nInformujemy ponadto, \u017ce Pani\/Pana dane osobowe nie b\u0119d\u0105 przetwarzane w spos\u00f3b zautomatyzowany i nie b\u0119d\u0105 profilowane.<br \/>\nPosiada Pani\/Pan prawo dost\u0119pu do tre\u015bci swoich danych, prawo ich sprostowania, usuni\u0119cia, ograniczenia przetwarzania, prawo do przenoszenia danych lub do wniesienia sprzeciwu wobec ich przetwarzania.<br \/>\nOsoba, kt\u00f3rej dane dotycz\u0105, ma prawo wniesienia skargi do UODO, gdy uzna, i\u017c przetwarzanie jej danych osobowych narusza przepisy RODO.<br \/>\nPodanie danych jest dobrowolne, ale niezb\u0119dne do realizacji powy\u017cszych cel\u00f3w. Pani\/Pana dane b\u0119d\u0105 przetwarzane do czasu ustania celu dla jakiego zosta\u0142y zgromadzone.<\/p>\n<p><em>Administrator Danych Osobowych:<\/em><br \/>\nFundacja &#8222;Centrum Mikrobiologii Klinicznej&#8221;, ul. Che\u0142mska 30\/34, 00-725 Warszawa<br \/>\ne-mail: <span style=\"color: #0000ff;\"><a class=\"moz-txt-link-abbreviated\" style=\"color: #0000ff;\" href=\"mailto:kontakt@fundacjacmk.pl\">kontakt@fundacjacmk.pl<\/a><\/span><\/p>\n","protected":false},"excerpt":{"rendered":"<p>&nbsp; \ufeff\ufeff\ufeff\ufeff\ufeff\u0141aduj\u0119&#8230; =========================================================== Ochrona danych osobowych (RODO) Zgodnie z art. 6 ust. 1 lit. f RODO informujemy, i\u017c Pani\/Pana dane osobowe, przekazane nam za po\u015brednictwem formularza rejestracyjnego, s\u0105 gromadzone, przetwarzane i przechowywane w celu procesu rejestracji oraz prowadzenia korespondencji z Pa\u0144stwem. Informujemy ponadto, \u017ce Pani\/Pana dane osobowe nie b\u0119d\u0105 przetwarzane w spos\u00f3b zautomatyzowany i nie &hellip; <a href=\"https:\/\/fundacjacmk.pl\/pmz2022\/rejestracja\/\" class=\"more-link\">Czytaj dalej <span class=\"screen-reader-text\">Rejestracja<\/span><\/a><\/p>\n","protected":false},"author":1,"featured_media":0,"parent":0,"menu_order":0,"comment_status":"closed","ping_status":"closed","template":"","meta":{"footnotes":""},"class_list":["post-21","page","type-page","status-publish","hentry"],"_links":{"self":[{"href":"https:\/\/fundacjacmk.pl\/pmz2022\/wp-json\/wp\/v2\/pages\/21","targetHints":{"allow":["GET"]}}],"collection":[{"href":"https:\/\/fundacjacmk.pl\/pmz2022\/wp-json\/wp\/v2\/pages"}],"about":[{"href":"https:\/\/fundacjacmk.pl\/pmz2022\/wp-json\/wp\/v2\/types\/page"}],"author":[{"embeddable":true,"href":"https:\/\/fundacjacmk.pl\/pmz2022\/wp-json\/wp\/v2\/users\/1"}],"replies":[{"embeddable":true,"href":"https:\/\/fundacjacmk.pl\/pmz2022\/wp-json\/wp\/v2\/comments?post=21"}],"version-history":[{"count":3,"href":"https:\/\/fundacjacmk.pl\/pmz2022\/wp-json\/wp\/v2\/pages\/21\/revisions"}],"predecessor-version":[{"id":66,"href":"https:\/\/fundacjacmk.pl\/pmz2022\/wp-json\/wp\/v2\/pages\/21\/revisions\/66"}],"wp:attachment":[{"href":"https:\/\/fundacjacmk.pl\/pmz2022\/wp-json\/wp\/v2\/media?parent=21"}],"curies":[{"name":"wp","href":"https:\/\/api.w.org\/{rel}","templated":true}]}}