{"id":27,"date":"2022-09-23T10:13:01","date_gmt":"2022-09-23T08:13:01","guid":{"rendered":"http:\/\/fundacjacmk.pl\/pmz2022\/?page_id=27"},"modified":"2022-09-23T13:05:46","modified_gmt":"2022-09-23T11:05:46","slug":"zaproszenie","status":"publish","type":"page","link":"https:\/\/fundacjacmk.pl\/pmz2022\/","title":{"rendered":"Zaproszenie"},"content":{"rendered":"<figure id=\"attachment_172\" aria-describedby=\"caption-attachment-172\" style=\"width: 244px\" class=\"wp-caption alignleft\"><img loading=\"lazy\" decoding=\"async\" class=\"wp-image-172 size-medium\" src=\"https:\/\/fundacjacmk.pl\/pmz2022\/wp-content\/uploads\/2022\/09\/PProf-300-22-2.jpg\" alt=\"\" width=\"244\" height=\"300\" \/><figcaption id=\"caption-attachment-172\" class=\"wp-caption-text\">Prof. dr hab. n.med. Waleria Hryniewicz<\/figcaption><\/figure>\n<p style=\"text-align: justify;\">Szanowni Pa\u0144stwo,<br \/>\nDrogie Kole\u017canki i Koledzy<\/p>\n<p>Z ogromn\u0105 rado\u015bci\u0105 informuj\u0119, \u017ce na uko\u0144czeniu s\u0105 przygotowania do organizacji XXV Sympozjum \u201ePost\u0119py w Medycynie Zaka\u017ce\u0144\u201d, kt\u00f3re odb\u0119dzie si\u0119 w Warszawie w dniach 2-3 grudnia 2022 roku. Program Sympozjum obejmuje szeroki zakres tematyczny, a szczeg\u00f3lnie podsumowanie dotychczasowych do\u015bwiadcze\u0144 w walce z pandemi\u0105, wywo\u0142an\u0105 przez wirusa SARS-CoV-2, oraz analiz\u0119 nowych zagro\u017ce\u0144 ze strony wieloopornych patogen\u00f3w bakteryjnych i polskich danych epidemiologicznych\u00a0 dotycz\u0105cych tego zagadnienia (tak\u017ce w kontek\u015bcie pandemii COVID-19).\u00a0 B\u0119dziemy tak\u017ce prezentowa\u0107 \u00a0nowe mo\u017cliwo\u015bci terapii, profilaktyki i kontroli zaka\u017ce\u0144. Wa\u017cne \u00a0miejsce w naszym programie zajm\u0105 wyk\u0142ady i dyskusja na temat zaka\u017ce\u0144 w grupach chorych o zwi\u0119kszonej podatno\u015bci. Specjalna sesja po\u015bwi\u0119cona b\u0119dzie tzw. \u201enajwi\u0119kszym zab\u00f3jcom\u201d w\u015br\u00f3d drobnoustroj\u00f3w oraz konsekwencjom\u00a0 epidemiologicznym ruch\u00f3w ludno\u015bci. Wyk\u0142ady poprowadz\u0105 znakomici specjali\u015bci zar\u00f3wno z obszaru mikrobiologii, epidemiologii,\u00a0 jak i medycyny klinicznej, a sesja plakatowa wska\u017ce\u00a0 kierunki bada\u0144 polskich specjalist\u00f3w w zmieniaj\u0105cym si\u0119 \u015bwiecie zaka\u017ce\u0144. B\u0105d\u017amy razem w czasie jubileuszowego XXV Sympozjum \u201ePost\u0119py w Medycynie Zaka\u017ce\u0144\u201d!<\/p>\n<p style=\"text-align: right;\"><strong> Do zobaczenia w Warszawie!<br \/>\n<\/strong><strong>Prof. dr hab. n.med. Waleria Hryniewicz<br \/>\nPrzewodnicz\u0105ca Komitetu Naukowego<br \/>\n<\/strong><\/p>\n<p>&nbsp;<\/p>\n","protected":false},"excerpt":{"rendered":"<p>Szanowni Pa\u0144stwo, Drogie Kole\u017canki i Koledzy Z ogromn\u0105 rado\u015bci\u0105 informuj\u0119, \u017ce na uko\u0144czeniu s\u0105 przygotowania do organizacji XXV Sympozjum \u201ePost\u0119py w Medycynie Zaka\u017ce\u0144\u201d, kt\u00f3re odb\u0119dzie si\u0119 w Warszawie w dniach 2-3 grudnia 2022 roku. Program Sympozjum obejmuje szeroki zakres tematyczny, a szczeg\u00f3lnie podsumowanie dotychczasowych do\u015bwiadcze\u0144 w walce z pandemi\u0105, wywo\u0142an\u0105 przez wirusa SARS-CoV-2, oraz analiz\u0119 &hellip; <a href=\"https:\/\/fundacjacmk.pl\/pmz2022\/\" class=\"more-link\">Czytaj dalej <span class=\"screen-reader-text\">Zaproszenie<\/span><\/a><\/p>\n","protected":false},"author":1,"featured_media":0,"parent":0,"menu_order":0,"comment_status":"closed","ping_status":"closed","template":"","meta":{"footnotes":""},"class_list":["post-27","page","type-page","status-publish","hentry"],"_links":{"self":[{"href":"https:\/\/fundacjacmk.pl\/pmz2022\/wp-json\/wp\/v2\/pages\/27","targetHints":{"allow":["GET"]}}],"collection":[{"href":"https:\/\/fundacjacmk.pl\/pmz2022\/wp-json\/wp\/v2\/pages"}],"about":[{"href":"https:\/\/fundacjacmk.pl\/pmz2022\/wp-json\/wp\/v2\/types\/page"}],"author":[{"embeddable":true,"href":"https:\/\/fundacjacmk.pl\/pmz2022\/wp-json\/wp\/v2\/users\/1"}],"replies":[{"embeddable":true,"href":"https:\/\/fundacjacmk.pl\/pmz2022\/wp-json\/wp\/v2\/comments?post=27"}],"version-history":[{"count":6,"href":"https:\/\/fundacjacmk.pl\/pmz2022\/wp-json\/wp\/v2\/pages\/27\/revisions"}],"predecessor-version":[{"id":69,"href":"https:\/\/fundacjacmk.pl\/pmz2022\/wp-json\/wp\/v2\/pages\/27\/revisions\/69"}],"wp:attachment":[{"href":"https:\/\/fundacjacmk.pl\/pmz2022\/wp-json\/wp\/v2\/media?parent=27"}],"curies":[{"name":"wp","href":"https:\/\/api.w.org\/{rel}","templated":true}]}}