{"id":22,"date":"2023-09-14T19:08:14","date_gmt":"2023-09-14T17:08:14","guid":{"rendered":"http:\/\/fundacjacmk.pl\/pmz2023\/?page_id=22"},"modified":"2023-12-17T13:39:14","modified_gmt":"2023-12-17T12:39:14","slug":"punkty-edukacyjne","status":"publish","type":"page","link":"https:\/\/fundacjacmk.pl\/pmz2023\/punkty-edukacyjne\/","title":{"rendered":"Punkty edukacyjne"},"content":{"rendered":"<p style=\"text-align: center;\"><strong>PUNKTY EDUKACYJNE ZA UDZIA\u0141 W PMZ 2023<\/strong><\/p>\n<p>Szanowni Pa\u0144stwo,<\/p>\n<p>Pragn\u0119 poinformowa\u0107, \u017ce ukaza\u0142o si\u0119 d\u0142ugo oczekiwane Rozporz\u0105dzenie Ministra Zdrowia z dnia 7 grudnia 2023 r. ws ustawicznego rozwoju zawodowego diagnosty laboratoryjnego (Dz.U. 2023 poz.2684), kt\u00f3re upowa\u017cnia nas do przyznania:<\/p>\n<p>&#8211; certyfikat uczestnictwa: 8 punkt\u00f3w (za\u0142. 2 pkt 4)<br \/>\n&#8211; certyfikat wyk\u0142adowcy: 5 punkt\u00f3w (za\u0142. 2 pkt 5)<\/p>\n<p>Punkty z Sympozjum &#8220;Post\u0119py w Medycynie Zaka\u017ce\u0144&#8221; otrzymaj\u0105 wszyscy uczestnicy.<\/p>\n<p>Z powa\u017caniem<br \/>\nProf. dr hab. Waleria Hryniewicz<\/p>\n","protected":false},"excerpt":{"rendered":"<p>PUNKTY EDUKACYJNE ZA UDZIA\u0141 W PMZ 2023 Szanowni Pa\u0144stwo, Pragn\u0119 poinformowa\u0107, \u017ce ukaza\u0142o si\u0119 d\u0142ugo oczekiwane Rozporz\u0105dzenie Ministra Zdrowia z dnia 7 grudnia 2023 r. ws ustawicznego rozwoju zawodowego diagnosty laboratoryjnego (Dz.U. 2023 poz.2684), kt\u00f3re upowa\u017cnia nas do przyznania: &#8211; certyfikat uczestnictwa: 8 punkt\u00f3w (za\u0142. 2 pkt 4) &#8211; certyfikat wyk\u0142adowcy: 5 punkt\u00f3w (za\u0142. 2 &hellip; <a href=\"https:\/\/fundacjacmk.pl\/pmz2023\/punkty-edukacyjne\/\" class=\"more-link\">Czytaj dalej <span class=\"screen-reader-text\">Punkty edukacyjne<\/span><\/a><\/p>\n","protected":false},"author":1,"featured_media":0,"parent":0,"menu_order":0,"comment_status":"closed","ping_status":"closed","template":"","meta":{"footnotes":""},"class_list":["post-22","page","type-page","status-publish","hentry"],"_links":{"self":[{"href":"https:\/\/fundacjacmk.pl\/pmz2023\/wp-json\/wp\/v2\/pages\/22","targetHints":{"allow":["GET"]}}],"collection":[{"href":"https:\/\/fundacjacmk.pl\/pmz2023\/wp-json\/wp\/v2\/pages"}],"about":[{"href":"https:\/\/fundacjacmk.pl\/pmz2023\/wp-json\/wp\/v2\/types\/page"}],"author":[{"embeddable":true,"href":"https:\/\/fundacjacmk.pl\/pmz2023\/wp-json\/wp\/v2\/users\/1"}],"replies":[{"embeddable":true,"href":"https:\/\/fundacjacmk.pl\/pmz2023\/wp-json\/wp\/v2\/comments?post=22"}],"version-history":[{"count":5,"href":"https:\/\/fundacjacmk.pl\/pmz2023\/wp-json\/wp\/v2\/pages\/22\/revisions"}],"predecessor-version":[{"id":172,"href":"https:\/\/fundacjacmk.pl\/pmz2023\/wp-json\/wp\/v2\/pages\/22\/revisions\/172"}],"wp:attachment":[{"href":"https:\/\/fundacjacmk.pl\/pmz2023\/wp-json\/wp\/v2\/media?parent=22"}],"curies":[{"name":"wp","href":"https:\/\/api.w.org\/{rel}","templated":true}]}}

<p style="text-align: center;"><strong>PUNKTY EDUKACYJNE ZA UDZIAŁ W PMZ 2023</strong></p>
<p>Szanowni Państwo,</p>
<p>Pragnę poinformować, że ukazało się długo oczekiwane Rozporządzenie Ministra Zdrowia z dnia 7 grudnia 2023 r. ws ustawicznego rozwoju zawodowego diagnosty laboratoryjnego (Dz.U. 2023 poz.2684), które upoważnia nas do przyznania:</p>
<p>&#8211; certyfikat uczestnictwa: 8 punktów (zał. 2 pkt 4)<br />
&#8211; certyfikat wykładowcy: 5 punktów (zał. 2 pkt 5)</p>
<p>Punkty z Sympozjum &#8220;Postępy w Medycynie Zakażeń&#8221; otrzymają wszyscy uczestnicy.</p>
<p>Z poważaniem<br />
Prof. dr hab. Waleria Hryniewicz</p>

<p>PUNKTY EDUKACYJNE ZA UDZIAŁ W PMZ 2023 Szanowni Państwo, Pragnę poinformować, że ukazało się długo oczekiwane Rozporządzenie Ministra Zdrowia z dnia 7 grudnia 2023 r. ws ustawicznego rozwoju zawodowego diagnosty laboratoryjnego (Dz.U. 2023 poz.2684), które upoważnia nas do przyznania: &#8211; certyfikat uczestnictwa: 8 punktów (zał. 2 pkt 4) &#8211; certyfikat wykładowcy: 5 punktów (zał. 2 &hellip; <a href="https://fundacjacmk.pl/pmz2023/punkty-edukacyjne/" class="more-link">Czytaj dalej <span class="screen-reader-text">Punkty edukacyjne</span></a></p>
