{"id":11,"date":"2024-08-09T14:47:49","date_gmt":"2024-08-09T12:47:49","guid":{"rendered":"https:\/\/fundacjacmk.pl\/pmz2024\/?page_id=11"},"modified":"2024-08-09T17:44:59","modified_gmt":"2024-08-09T15:44:59","slug":"miejsce-spotkania","status":"publish","type":"page","link":"https:\/\/fundacjacmk.pl\/pmz2024\/miejsce-spotkania\/","title":{"rendered":"Miejsce spotkania"},"content":{"rendered":"<p style=\"text-align: center;\">Warsaw Presidental Hotel (d.Marriott)<br \/>\nAl. Jerozolimskie 65\/79<br \/>\n00-679 Warszawa<\/p>\n<p style=\"text-align: center;\">Szczeg\u00f3\u0142y dotycz\u0105ce rezerwacji pokoi w zak\u0142adce &#8222;Zakwaterowanie&#8221;<\/p>\n","protected":false},"excerpt":{"rendered":"<p>Warsaw Presidental Hotel (d.Marriott) Al. Jerozolimskie 65\/79 00-679 Warszawa Szczeg\u00f3\u0142y dotycz\u0105ce rezerwacji pokoi w zak\u0142adce &#8222;Zakwaterowanie&#8221;<\/p>\n","protected":false},"author":1,"featured_media":0,"parent":0,"menu_order":0,"comment_status":"closed","ping_status":"closed","template":"","meta":{"footnotes":""},"class_list":["post-11","page","type-page","status-publish","hentry"],"_links":{"self":[{"href":"https:\/\/fundacjacmk.pl\/pmz2024\/wp-json\/wp\/v2\/pages\/11","targetHints":{"allow":["GET"]}}],"collection":[{"href":"https:\/\/fundacjacmk.pl\/pmz2024\/wp-json\/wp\/v2\/pages"}],"about":[{"href":"https:\/\/fundacjacmk.pl\/pmz2024\/wp-json\/wp\/v2\/types\/page"}],"author":[{"embeddable":true,"href":"https:\/\/fundacjacmk.pl\/pmz2024\/wp-json\/wp\/v2\/users\/1"}],"replies":[{"embeddable":true,"href":"https:\/\/fundacjacmk.pl\/pmz2024\/wp-json\/wp\/v2\/comments?post=11"}],"version-history":[{"count":3,"href":"https:\/\/fundacjacmk.pl\/pmz2024\/wp-json\/wp\/v2\/pages\/11\/revisions"}],"predecessor-version":[{"id":69,"href":"https:\/\/fundacjacmk.pl\/pmz2024\/wp-json\/wp\/v2\/pages\/11\/revisions\/69"}],"wp:attachment":[{"href":"https:\/\/fundacjacmk.pl\/pmz2024\/wp-json\/wp\/v2\/media?parent=11"}],"curies":[{"name":"wp","href":"https:\/\/api.w.org\/{rel}","templated":true}]}}