{"id":19,"date":"2024-08-09T14:49:37","date_gmt":"2024-08-09T12:49:37","guid":{"rendered":"https:\/\/fundacjacmk.pl\/pmz2024\/?page_id=19"},"modified":"2024-11-28T14:42:56","modified_gmt":"2024-11-28T13:42:56","slug":"program","status":"publish","type":"page","link":"https:\/\/fundacjacmk.pl\/pmz2024\/program\/","title":{"rendered":"Program"},"content":{"rendered":"<p style=\"text-align: center;\">Po najechaniu kursorem na tre\u015b\u0107 programu, na dole okienka poka\u017c\u0105 si\u0119 przyciski nawigacyjne<\/p>\n<a href=\"https:\/\/fundacjacmk.pl\/pmz2024\/wp-content\/uploads\/2024\/11\/Program_PMZ2024_v3.3.pdf\" class=\"pdfemb-viewer\" style=\"\" data-width=\"max\" data-height=\"max\" data-toolbar=\"bottom\" data-toolbar-fixed=\"off\">Program_PMZ2024_v3.3<\/a>\n<p style=\"text-align: center;\">Program do pobrania w ca\u0142o\u015bci w formie <a href=\"https:\/\/fundacjacmk.pl\/pmz2024\/wp-content\/uploads\/2024\/11\/Program_PMZ2024_v3.3.pdf\">pliku pdf<\/a>.<\/p>\n","protected":false},"excerpt":{"rendered":"<p>Po najechaniu kursorem na tre\u015b\u0107 programu, na dole okienka poka\u017c\u0105 si\u0119 przyciski nawigacyjne Program do pobrania w ca\u0142o\u015bci w formie pliku pdf.<\/p>\n","protected":false},"author":1,"featured_media":0,"parent":0,"menu_order":0,"comment_status":"closed","ping_status":"closed","template":"","meta":{"footnotes":""},"class_list":["post-19","page","type-page","status-publish","hentry"],"_links":{"self":[{"href":"https:\/\/fundacjacmk.pl\/pmz2024\/wp-json\/wp\/v2\/pages\/19","targetHints":{"allow":["GET"]}}],"collection":[{"href":"https:\/\/fundacjacmk.pl\/pmz2024\/wp-json\/wp\/v2\/pages"}],"about":[{"href":"https:\/\/fundacjacmk.pl\/pmz2024\/wp-json\/wp\/v2\/types\/page"}],"author":[{"embeddable":true,"href":"https:\/\/fundacjacmk.pl\/pmz2024\/wp-json\/wp\/v2\/users\/1"}],"replies":[{"embeddable":true,"href":"https:\/\/fundacjacmk.pl\/pmz2024\/wp-json\/wp\/v2\/comments?post=19"}],"version-history":[{"count":9,"href":"https:\/\/fundacjacmk.pl\/pmz2024\/wp-json\/wp\/v2\/pages\/19\/revisions"}],"predecessor-version":[{"id":217,"href":"https:\/\/fundacjacmk.pl\/pmz2024\/wp-json\/wp\/v2\/pages\/19\/revisions\/217"}],"wp:attachment":[{"href":"https:\/\/fundacjacmk.pl\/pmz2024\/wp-json\/wp\/v2\/media?parent=19"}],"curies":[{"name":"wp","href":"https:\/\/api.w.org\/{rel}","templated":true}]}}